{"id":30337,"date":"2023-10-18T13:02:32","date_gmt":"2023-10-18T11:02:32","guid":{"rendered":"https:\/\/www.sindicaturabarcelona.cat\/activitat\/rueda-de-prensa-de-presentacion-de-el-informe-latencio-a-les-families-de-les-persones-empresonades-residents-a-la-ciutat-de-barcelona-i-a-la-seva-area-metropolitana\/"},"modified":"2023-10-18T13:02:32","modified_gmt":"2023-10-18T11:02:32","slug":"rueda-de-prensa-de-presentacion-de-el-informe-latencio-a-les-families-de-les-persones-empresonades-residents-a-la-ciutat-de-barcelona-i-a-la-seva-area-metropolitana","status":"publish","type":"tribe_events","link":"https:\/\/www.sindicaturabarcelona.cat\/es\/activitat\/rueda-de-prensa-de-presentacion-de-el-informe-latencio-a-les-families-de-les-persones-empresonades-residents-a-la-ciutat-de-barcelona-i-a-la-seva-area-metropolitana\/","title":{"rendered":"Rueda de prensa de presentaci\u00f3n de el informe \u00abL\u2019atenci\u00f3 a les fam\u00edlies de les persones empresonades residents a la ciutat de Barcelona i a la seva \u00e0rea metropolitana\u00bb"},"content":{"rendered":"","protected":false},"excerpt":{"rendered":"","protected":false},"author":2,"featured_media":0,"template":"","meta":{"_acf_changed":false,"_tribe_events_status":"","_tribe_events_status_reason":"","footnotes":""},"tags":[],"tribe_events_cat":[1633],"class_list":["post-30337","tribe_events","type-tribe_events","status-publish","hentry","tribe_events_cat-rueda-de-prensa","cat_rueda-de-prensa"],"acf":[],"yoast_head":"<!-- This site is optimized with the Yoast SEO plugin v27.5 - https:\/\/yoast.com\/product\/yoast-seo-wordpress\/ -->\n<title>Rueda de prensa de presentaci\u00f3n de el informe &quot;L\u2019atenci\u00f3 a les fam\u00edlies de les persones empresonades residents a la ciutat de Barcelona i a la seva \u00e0rea metropolitana&quot; - Sindicatura de Greuges de Barcelona<\/title>\n<meta name=\"robots\" content=\"index, follow, max-snippet:-1, max-image-preview:large, max-video-preview:-1\" \/>\n<link rel=\"canonical\" href=\"https:\/\/www.sindicaturabarcelona.cat\/es\/activitat\/rueda-de-prensa-de-presentacion-de-el-informe-latencio-a-les-families-de-les-persones-empresonades-residents-a-la-ciutat-de-barcelona-i-a-la-seva-area-metropolitana\/\" \/>\n<meta property=\"og:locale\" content=\"es_ES\" \/>\n<meta property=\"og:type\" content=\"article\" \/>\n<meta property=\"og:title\" content=\"Rueda de prensa de presentaci\u00f3n de el informe &quot;L\u2019atenci\u00f3 a les fam\u00edlies de les persones empresonades residents a la ciutat de Barcelona i a la seva \u00e0rea metropolitana&quot; - Sindicatura de Greuges de Barcelona\" \/>\n<meta property=\"og:url\" content=\"https:\/\/www.sindicaturabarcelona.cat\/es\/activitat\/rueda-de-prensa-de-presentacion-de-el-informe-latencio-a-les-families-de-les-persones-empresonades-residents-a-la-ciutat-de-barcelona-i-a-la-seva-area-metropolitana\/\" \/>\n<meta property=\"og:site_name\" content=\"Sindicatura de Greuges de Barcelona\" \/>\n<meta name=\"twitter:card\" content=\"summary_large_image\" \/>\n<meta name=\"twitter:site\" content=\"@sindicbarcelona\" \/>\n<script type=\"application\/ld+json\" class=\"yoast-schema-graph\">{\"@context\":\"https:\\\/\\\/schema.org\",\"@graph\":[{\"@type\":\"WebPage\",\"@id\":\"https:\\\/\\\/www.sindicaturabarcelona.cat\\\/es\\\/activitat\\\/rueda-de-prensa-de-presentacion-de-el-informe-latencio-a-les-families-de-les-persones-empresonades-residents-a-la-ciutat-de-barcelona-i-a-la-seva-area-metropolitana\\\/\",\"url\":\"https:\\\/\\\/www.sindicaturabarcelona.cat\\\/es\\\/activitat\\\/rueda-de-prensa-de-presentacion-de-el-informe-latencio-a-les-families-de-les-persones-empresonades-residents-a-la-ciutat-de-barcelona-i-a-la-seva-area-metropolitana\\\/\",\"name\":\"Rueda de prensa de presentaci\u00f3n de el informe \\\"L\u2019atenci\u00f3 a les fam\u00edlies de les persones empresonades residents a la ciutat de Barcelona i a la seva \u00e0rea metropolitana\\\" - Sindicatura de Greuges de Barcelona\",\"isPartOf\":{\"@id\":\"https:\\\/\\\/www.sindicaturabarcelona.cat\\\/es\\\/#website\"},\"datePublished\":\"2023-10-18T11:02:32+00:00\",\"breadcrumb\":{\"@id\":\"https:\\\/\\\/www.sindicaturabarcelona.cat\\\/es\\\/activitat\\\/rueda-de-prensa-de-presentacion-de-el-informe-latencio-a-les-families-de-les-persones-empresonades-residents-a-la-ciutat-de-barcelona-i-a-la-seva-area-metropolitana\\\/#breadcrumb\"},\"inLanguage\":\"es\",\"potentialAction\":[{\"@type\":\"ReadAction\",\"target\":[\"https:\\\/\\\/www.sindicaturabarcelona.cat\\\/es\\\/activitat\\\/rueda-de-prensa-de-presentacion-de-el-informe-latencio-a-les-families-de-les-persones-empresonades-residents-a-la-ciutat-de-barcelona-i-a-la-seva-area-metropolitana\\\/\"]}]},{\"@type\":\"BreadcrumbList\",\"@id\":\"https:\\\/\\\/www.sindicaturabarcelona.cat\\\/es\\\/activitat\\\/rueda-de-prensa-de-presentacion-de-el-informe-latencio-a-les-families-de-les-persones-empresonades-residents-a-la-ciutat-de-barcelona-i-a-la-seva-area-metropolitana\\\/#breadcrumb\",\"itemListElement\":[{\"@type\":\"ListItem\",\"position\":1,\"name\":\"Inici\",\"item\":\"https:\\\/\\\/www.sindicaturabarcelona.cat\\\/es\\\/\"},{\"@type\":\"ListItem\",\"position\":2,\"name\":\"Eventos\",\"item\":\"https:\\\/\\\/www.sindicaturabarcelona.cat\\\/es\\\/agenda\\\/\"},{\"@type\":\"ListItem\",\"position\":3,\"name\":\"Rueda de prensa de presentaci\u00f3n de el informe &#8220;L\u2019atenci\u00f3 a les fam\u00edlies de les persones empresonades residents a la ciutat de Barcelona i a la seva \u00e0rea metropolitana&#8221;\"}]},{\"@type\":\"WebSite\",\"@id\":\"https:\\\/\\\/www.sindicaturabarcelona.cat\\\/es\\\/#website\",\"url\":\"https:\\\/\\\/www.sindicaturabarcelona.cat\\\/es\\\/\",\"name\":\"Sindicatura de Greuges de Barcelona\",\"description\":\"La defensoria dels teus drets\",\"publisher\":{\"@id\":\"https:\\\/\\\/www.sindicaturabarcelona.cat\\\/es\\\/#organization\"},\"potentialAction\":[{\"@type\":\"SearchAction\",\"target\":{\"@type\":\"EntryPoint\",\"urlTemplate\":\"https:\\\/\\\/www.sindicaturabarcelona.cat\\\/es\\\/?s={search_term_string}\"},\"query-input\":{\"@type\":\"PropertyValueSpecification\",\"valueRequired\":true,\"valueName\":\"search_term_string\"}}],\"inLanguage\":\"es\"},{\"@type\":\"Organization\",\"@id\":\"https:\\\/\\\/www.sindicaturabarcelona.cat\\\/es\\\/#organization\",\"name\":\"Sindicatura de Greuges de Barcelona\",\"url\":\"https:\\\/\\\/www.sindicaturabarcelona.cat\\\/es\\\/\",\"logo\":{\"@type\":\"ImageObject\",\"inLanguage\":\"es\",\"@id\":\"https:\\\/\\\/www.sindicaturabarcelona.cat\\\/es\\\/#\\\/schema\\\/logo\\\/image\\\/\",\"url\":\"https:\\\/\\\/www.sindicaturabarcelona.cat\\\/wp-content\\\/uploads\\\/2023\\\/02\\\/logo_sindicatura.svg\",\"contentUrl\":\"https:\\\/\\\/www.sindicaturabarcelona.cat\\\/wp-content\\\/uploads\\\/2023\\\/02\\\/logo_sindicatura.svg\",\"caption\":\"Sindicatura de Greuges de Barcelona\"},\"image\":{\"@id\":\"https:\\\/\\\/www.sindicaturabarcelona.cat\\\/es\\\/#\\\/schema\\\/logo\\\/image\\\/\"},\"sameAs\":[\"https:\\\/\\\/x.com\\\/sindicbarcelona\",\"https:\\\/\\\/www.instagram.com\\\/sindicbarcelona\\\/\",\"https:\\\/\\\/www.tiktok.com\\\/@sindicaturabcn\",\"https:\\\/\\\/t.me\\\/sindicaturabarcelona\"]}]}<\/script>\n<!-- \/ Yoast SEO plugin. -->","yoast_head_json":{"title":"Rueda de prensa de presentaci\u00f3n de el informe \"L\u2019atenci\u00f3 a les fam\u00edlies de les persones empresonades residents a la ciutat de Barcelona i a la seva \u00e0rea metropolitana\" - Sindicatura de Greuges de Barcelona","robots":{"index":"index","follow":"follow","max-snippet":"max-snippet:-1","max-image-preview":"max-image-preview:large","max-video-preview":"max-video-preview:-1"},"canonical":"https:\/\/www.sindicaturabarcelona.cat\/es\/activitat\/rueda-de-prensa-de-presentacion-de-el-informe-latencio-a-les-families-de-les-persones-empresonades-residents-a-la-ciutat-de-barcelona-i-a-la-seva-area-metropolitana\/","og_locale":"es_ES","og_type":"article","og_title":"Rueda de prensa de presentaci\u00f3n de el informe \"L\u2019atenci\u00f3 a les fam\u00edlies de les persones empresonades residents a la ciutat de Barcelona i a la seva \u00e0rea metropolitana\" - Sindicatura de Greuges de Barcelona","og_url":"https:\/\/www.sindicaturabarcelona.cat\/es\/activitat\/rueda-de-prensa-de-presentacion-de-el-informe-latencio-a-les-families-de-les-persones-empresonades-residents-a-la-ciutat-de-barcelona-i-a-la-seva-area-metropolitana\/","og_site_name":"Sindicatura de Greuges de Barcelona","twitter_card":"summary_large_image","twitter_site":"@sindicbarcelona","schema":{"@context":"https:\/\/schema.org","@graph":[{"@type":"WebPage","@id":"https:\/\/www.sindicaturabarcelona.cat\/es\/activitat\/rueda-de-prensa-de-presentacion-de-el-informe-latencio-a-les-families-de-les-persones-empresonades-residents-a-la-ciutat-de-barcelona-i-a-la-seva-area-metropolitana\/","url":"https:\/\/www.sindicaturabarcelona.cat\/es\/activitat\/rueda-de-prensa-de-presentacion-de-el-informe-latencio-a-les-families-de-les-persones-empresonades-residents-a-la-ciutat-de-barcelona-i-a-la-seva-area-metropolitana\/","name":"Rueda de prensa de presentaci\u00f3n de el informe \"L\u2019atenci\u00f3 a les fam\u00edlies de les persones empresonades residents a la ciutat de Barcelona i a la seva \u00e0rea metropolitana\" - Sindicatura de Greuges de Barcelona","isPartOf":{"@id":"https:\/\/www.sindicaturabarcelona.cat\/es\/#website"},"datePublished":"2023-10-18T11:02:32+00:00","breadcrumb":{"@id":"https:\/\/www.sindicaturabarcelona.cat\/es\/activitat\/rueda-de-prensa-de-presentacion-de-el-informe-latencio-a-les-families-de-les-persones-empresonades-residents-a-la-ciutat-de-barcelona-i-a-la-seva-area-metropolitana\/#breadcrumb"},"inLanguage":"es","potentialAction":[{"@type":"ReadAction","target":["https:\/\/www.sindicaturabarcelona.cat\/es\/activitat\/rueda-de-prensa-de-presentacion-de-el-informe-latencio-a-les-families-de-les-persones-empresonades-residents-a-la-ciutat-de-barcelona-i-a-la-seva-area-metropolitana\/"]}]},{"@type":"BreadcrumbList","@id":"https:\/\/www.sindicaturabarcelona.cat\/es\/activitat\/rueda-de-prensa-de-presentacion-de-el-informe-latencio-a-les-families-de-les-persones-empresonades-residents-a-la-ciutat-de-barcelona-i-a-la-seva-area-metropolitana\/#breadcrumb","itemListElement":[{"@type":"ListItem","position":1,"name":"Inici","item":"https:\/\/www.sindicaturabarcelona.cat\/es\/"},{"@type":"ListItem","position":2,"name":"Eventos","item":"https:\/\/www.sindicaturabarcelona.cat\/es\/agenda\/"},{"@type":"ListItem","position":3,"name":"Rueda de prensa de presentaci\u00f3n de el informe &#8220;L\u2019atenci\u00f3 a les fam\u00edlies de les persones empresonades residents a la ciutat de Barcelona i a la seva \u00e0rea metropolitana&#8221;"}]},{"@type":"WebSite","@id":"https:\/\/www.sindicaturabarcelona.cat\/es\/#website","url":"https:\/\/www.sindicaturabarcelona.cat\/es\/","name":"Sindicatura de Greuges de Barcelona","description":"La defensoria dels teus drets","publisher":{"@id":"https:\/\/www.sindicaturabarcelona.cat\/es\/#organization"},"potentialAction":[{"@type":"SearchAction","target":{"@type":"EntryPoint","urlTemplate":"https:\/\/www.sindicaturabarcelona.cat\/es\/?s={search_term_string}"},"query-input":{"@type":"PropertyValueSpecification","valueRequired":true,"valueName":"search_term_string"}}],"inLanguage":"es"},{"@type":"Organization","@id":"https:\/\/www.sindicaturabarcelona.cat\/es\/#organization","name":"Sindicatura de Greuges de Barcelona","url":"https:\/\/www.sindicaturabarcelona.cat\/es\/","logo":{"@type":"ImageObject","inLanguage":"es","@id":"https:\/\/www.sindicaturabarcelona.cat\/es\/#\/schema\/logo\/image\/","url":"https:\/\/www.sindicaturabarcelona.cat\/wp-content\/uploads\/2023\/02\/logo_sindicatura.svg","contentUrl":"https:\/\/www.sindicaturabarcelona.cat\/wp-content\/uploads\/2023\/02\/logo_sindicatura.svg","caption":"Sindicatura de Greuges de Barcelona"},"image":{"@id":"https:\/\/www.sindicaturabarcelona.cat\/es\/#\/schema\/logo\/image\/"},"sameAs":["https:\/\/x.com\/sindicbarcelona","https:\/\/www.instagram.com\/sindicbarcelona\/","https:\/\/www.tiktok.com\/@sindicaturabcn","https:\/\/t.me\/sindicaturabarcelona"]}]}},"_links":{"self":[{"href":"https:\/\/www.sindicaturabarcelona.cat\/es\/wp-json\/wp\/v2\/tribe_events\/30337","targetHints":{"allow":["GET"]}}],"collection":[{"href":"https:\/\/www.sindicaturabarcelona.cat\/es\/wp-json\/wp\/v2\/tribe_events"}],"about":[{"href":"https:\/\/www.sindicaturabarcelona.cat\/es\/wp-json\/wp\/v2\/types\/tribe_events"}],"author":[{"embeddable":true,"href":"https:\/\/www.sindicaturabarcelona.cat\/es\/wp-json\/wp\/v2\/users\/2"}],"version-history":[{"count":0,"href":"https:\/\/www.sindicaturabarcelona.cat\/es\/wp-json\/wp\/v2\/tribe_events\/30337\/revisions"}],"wp:attachment":[{"href":"https:\/\/www.sindicaturabarcelona.cat\/es\/wp-json\/wp\/v2\/media?parent=30337"}],"wp:term":[{"taxonomy":"post_tag","embeddable":true,"href":"https:\/\/www.sindicaturabarcelona.cat\/es\/wp-json\/wp\/v2\/tags?post=30337"},{"taxonomy":"tribe_events_cat","embeddable":true,"href":"https:\/\/www.sindicaturabarcelona.cat\/es\/wp-json\/wp\/v2\/tribe_events_cat?post=30337"}],"curies":[{"name":"wp","href":"https:\/\/api.w.org\/{rel}","templated":true}]}}

Rueda de prensa de presentación de el informe «L’atenció a les famílies de les persones empresonades residents a la ciutat de Barcelona i a la seva àrea metropolitana»

<!-- This site is optimized with the Yoast SEO plugin v27.5 - https://yoast.com/product/yoast-seo-wordpress/ -->
<title>Rueda de prensa de presentación de el informe &quot;L’atenció a les famílies de les persones empresonades residents a la ciutat de Barcelona i a la seva àrea metropolitana&quot; - Sindicatura de Greuges de Barcelona</title>
<meta name="robots" content="index, follow, max-snippet:-1, max-image-preview:large, max-video-preview:-1" />
<link rel="canonical" href="https://www.sindicaturabarcelona.cat/es/activitat/rueda-de-prensa-de-presentacion-de-el-informe-latencio-a-les-families-de-les-persones-empresonades-residents-a-la-ciutat-de-barcelona-i-a-la-seva-area-metropolitana/" />
<meta property="og:locale" content="es_ES" />
<meta property="og:type" content="article" />
<meta property="og:title" content="Rueda de prensa de presentación de el informe &quot;L’atenció a les famílies de les persones empresonades residents a la ciutat de Barcelona i a la seva àrea metropolitana&quot; - Sindicatura de Greuges de Barcelona" />
<meta property="og:url" content="https://www.sindicaturabarcelona.cat/es/activitat/rueda-de-prensa-de-presentacion-de-el-informe-latencio-a-les-families-de-les-persones-empresonades-residents-a-la-ciutat-de-barcelona-i-a-la-seva-area-metropolitana/" />
<meta property="og:site_name" content="Sindicatura de Greuges de Barcelona" />
<meta name="twitter:card" content="summary_large_image" />
<meta name="twitter:site" content="@sindicbarcelona" />
<script type="application/ld+json" class="yoast-schema-graph">{"@context":"https:\/\/schema.org","@graph":[{"@type":"WebPage","@id":"https:\/\/www.sindicaturabarcelona.cat\/es\/activitat\/rueda-de-prensa-de-presentacion-de-el-informe-latencio-a-les-families-de-les-persones-empresonades-residents-a-la-ciutat-de-barcelona-i-a-la-seva-area-metropolitana\/","url":"https:\/\/www.sindicaturabarcelona.cat\/es\/activitat\/rueda-de-prensa-de-presentacion-de-el-informe-latencio-a-les-families-de-les-persones-empresonades-residents-a-la-ciutat-de-barcelona-i-a-la-seva-area-metropolitana\/","name":"Rueda de prensa de presentación de el informe \"L’atenció a les famílies de les persones empresonades residents a la ciutat de Barcelona i a la seva àrea metropolitana\" - Sindicatura de Greuges de Barcelona","isPartOf":{"@id":"https:\/\/www.sindicaturabarcelona.cat\/es\/#website"},"datePublished":"2023-10-18T11:02:32+00:00","breadcrumb":{"@id":"https:\/\/www.sindicaturabarcelona.cat\/es\/activitat\/rueda-de-prensa-de-presentacion-de-el-informe-latencio-a-les-families-de-les-persones-empresonades-residents-a-la-ciutat-de-barcelona-i-a-la-seva-area-metropolitana\/#breadcrumb"},"inLanguage":"es","potentialAction":[{"@type":"ReadAction","target":["https:\/\/www.sindicaturabarcelona.cat\/es\/activitat\/rueda-de-prensa-de-presentacion-de-el-informe-latencio-a-les-families-de-les-persones-empresonades-residents-a-la-ciutat-de-barcelona-i-a-la-seva-area-metropolitana\/"]}]},{"@type":"BreadcrumbList","@id":"https:\/\/www.sindicaturabarcelona.cat\/es\/activitat\/rueda-de-prensa-de-presentacion-de-el-informe-latencio-a-les-families-de-les-persones-empresonades-residents-a-la-ciutat-de-barcelona-i-a-la-seva-area-metropolitana\/#breadcrumb","itemListElement":[{"@type":"ListItem","position":1,"name":"Inici","item":"https:\/\/www.sindicaturabarcelona.cat\/es\/"},{"@type":"ListItem","position":2,"name":"Eventos","item":"https:\/\/www.sindicaturabarcelona.cat\/es\/agenda\/"},{"@type":"ListItem","position":3,"name":"Rueda de prensa de presentación de el informe &#8220;L’atenció a les famílies de les persones empresonades residents a la ciutat de Barcelona i a la seva àrea metropolitana&#8221;"}]},{"@type":"WebSite","@id":"https:\/\/www.sindicaturabarcelona.cat\/es\/#website","url":"https:\/\/www.sindicaturabarcelona.cat\/es\/","name":"Sindicatura de Greuges de Barcelona","description":"La defensoria dels teus drets","publisher":{"@id":"https:\/\/www.sindicaturabarcelona.cat\/es\/#organization"},"potentialAction":[{"@type":"SearchAction","target":{"@type":"EntryPoint","urlTemplate":"https:\/\/www.sindicaturabarcelona.cat\/es\/?s={search_term_string}"},"query-input":{"@type":"PropertyValueSpecification","valueRequired":true,"valueName":"search_term_string"}}],"inLanguage":"es"},{"@type":"Organization","@id":"https:\/\/www.sindicaturabarcelona.cat\/es\/#organization","name":"Sindicatura de Greuges de Barcelona","url":"https:\/\/www.sindicaturabarcelona.cat\/es\/","logo":{"@type":"ImageObject","inLanguage":"es","@id":"https:\/\/www.sindicaturabarcelona.cat\/es\/#\/schema\/logo\/image\/","url":"https:\/\/www.sindicaturabarcelona.cat\/wp-content\/uploads\/2023\/02\/logo_sindicatura.svg","contentUrl":"https:\/\/www.sindicaturabarcelona.cat\/wp-content\/uploads\/2023\/02\/logo_sindicatura.svg","caption":"Sindicatura de Greuges de Barcelona"},"image":{"@id":"https:\/\/www.sindicaturabarcelona.cat\/es\/#\/schema\/logo\/image\/"},"sameAs":["https:\/\/x.com\/sindicbarcelona","https:\/\/www.instagram.com\/sindicbarcelona\/","https:\/\/www.tiktok.com\/@sindicaturabcn","https:\/\/t.me\/sindicaturabarcelona"]}]}</script>
<!-- / Yoast SEO plugin. -->

Rueda de prensa de presentación de el informe "L’atenció a les famílies de les persones empresonades residents a la ciutat de Barcelona i a la seva àrea metropolitana" - Sindicatura de Greuges de Barcelona

Rueda de prensa de presentación de el informe &#8220;L’atenció a les famílies de les persones empresonades residents a la ciutat de Barcelona i a la seva àrea metropolitana&#8221;
