{"id":28755,"date":"2023-05-25T16:40:06","date_gmt":"2023-05-25T14:40:06","guid":{"rendered":"https:\/\/www.sindicaturabarcelona.cat\/activitat\/a-peu-de-carrer-sant-genis-dels-agudells-i-montbau\/"},"modified":"2023-05-25T16:40:06","modified_gmt":"2023-05-25T14:40:06","slug":"a-peu-de-carrer-sant-genis-dels-agudells-i-montbau","status":"publish","type":"tribe_events","link":"https:\/\/www.sindicaturabarcelona.cat\/es\/activitat\/a-peu-de-carrer-sant-genis-dels-agudells-i-montbau\/","title":{"rendered":"A peu de carrer: Sant Gen\u00eds dels Agudells i Montbau"},"content":{"rendered":"<p>Una representaci\u00f3 de l\u2019equip de la Sindicatura dedica el dia a con\u00e8ixer, a peu de carrer, les principals problem\u00e0tiques i neguits de cadascun dels 73 barris de la ciutat. En aquesta ocasi\u00f3, visitaran els barris de Sant Gen\u00eds dels Agudells i Montbau, a Horta-Guinard\u00f3.<\/p>\n","protected":false},"excerpt":{"rendered":"<p>Una representaci\u00f3 de l\u2019equip de la Sindicatura dedica el dia a con\u00e8ixer, a peu de carrer, les principals problem\u00e0tiques i neguits de cadascun dels 73 barris de la ciutat. En [&hellip;]<\/p>\n","protected":false},"author":2,"featured_media":28295,"template":"","meta":{"_acf_changed":false,"_tribe_events_status":"","_tribe_events_status_reason":"","footnotes":""},"tags":[],"tribe_events_cat":[1515],"class_list":["post-28755","tribe_events","type-tribe_events","status-publish","has-post-thumbnail","hentry","tribe_events_cat-a-peu-de-carrer-es","cat_a-peu-de-carrer-es"],"acf":[],"yoast_head":"<!-- This site is optimized with the Yoast SEO plugin v27.5 - https:\/\/yoast.com\/product\/yoast-seo-wordpress\/ -->\n<title>A peu de carrer: Sant Gen\u00eds dels Agudells i Montbau - Sindicatura de Greuges de Barcelona<\/title>\n<meta name=\"robots\" content=\"index, follow, max-snippet:-1, max-image-preview:large, max-video-preview:-1\" \/>\n<link rel=\"canonical\" href=\"https:\/\/www.sindicaturabarcelona.cat\/es\/activitat\/a-peu-de-carrer-sant-genis-dels-agudells-i-montbau\/\" \/>\n<meta property=\"og:locale\" content=\"es_ES\" \/>\n<meta property=\"og:type\" content=\"article\" \/>\n<meta property=\"og:title\" content=\"A peu de carrer: Sant Gen\u00eds dels Agudells i Montbau - Sindicatura de Greuges de Barcelona\" \/>\n<meta property=\"og:description\" content=\"Una representaci\u00f3 de l\u2019equip de la Sindicatura dedica el dia a con\u00e8ixer, a peu de carrer, les principals problem\u00e0tiques i neguits de cadascun dels 73 barris de la ciutat. En [&hellip;]\" \/>\n<meta property=\"og:url\" content=\"https:\/\/www.sindicaturabarcelona.cat\/es\/activitat\/a-peu-de-carrer-sant-genis-dels-agudells-i-montbau\/\" \/>\n<meta property=\"og:site_name\" content=\"Sindicatura de Greuges de Barcelona\" \/>\n<meta property=\"og:image\" content=\"https:\/\/www.sindicaturabarcelona.cat\/wp-content\/uploads\/bg_a_peu_de_carrer.jpg\" \/>\n\t<meta property=\"og:image:width\" content=\"700\" \/>\n\t<meta property=\"og:image:height\" content=\"250\" \/>\n\t<meta property=\"og:image:type\" content=\"image\/jpeg\" \/>\n<meta name=\"twitter:card\" content=\"summary_large_image\" \/>\n<meta name=\"twitter:site\" content=\"@sindicbarcelona\" \/>\n<script type=\"application\/ld+json\" class=\"yoast-schema-graph\">{\"@context\":\"https:\\\/\\\/schema.org\",\"@graph\":[{\"@type\":\"WebPage\",\"@id\":\"https:\\\/\\\/www.sindicaturabarcelona.cat\\\/es\\\/activitat\\\/a-peu-de-carrer-sant-genis-dels-agudells-i-montbau\\\/\",\"url\":\"https:\\\/\\\/www.sindicaturabarcelona.cat\\\/es\\\/activitat\\\/a-peu-de-carrer-sant-genis-dels-agudells-i-montbau\\\/\",\"name\":\"A peu de carrer: Sant Gen\u00eds dels Agudells i Montbau - Sindicatura de Greuges de Barcelona\",\"isPartOf\":{\"@id\":\"https:\\\/\\\/www.sindicaturabarcelona.cat\\\/es\\\/#website\"},\"primaryImageOfPage\":{\"@id\":\"https:\\\/\\\/www.sindicaturabarcelona.cat\\\/es\\\/activitat\\\/a-peu-de-carrer-sant-genis-dels-agudells-i-montbau\\\/#primaryimage\"},\"image\":{\"@id\":\"https:\\\/\\\/www.sindicaturabarcelona.cat\\\/es\\\/activitat\\\/a-peu-de-carrer-sant-genis-dels-agudells-i-montbau\\\/#primaryimage\"},\"thumbnailUrl\":\"https:\\\/\\\/www.sindicaturabarcelona.cat\\\/wp-content\\\/uploads\\\/bg_a_peu_de_carrer.jpg\",\"datePublished\":\"2023-05-25T14:40:06+00:00\",\"breadcrumb\":{\"@id\":\"https:\\\/\\\/www.sindicaturabarcelona.cat\\\/es\\\/activitat\\\/a-peu-de-carrer-sant-genis-dels-agudells-i-montbau\\\/#breadcrumb\"},\"inLanguage\":\"es\",\"potentialAction\":[{\"@type\":\"ReadAction\",\"target\":[\"https:\\\/\\\/www.sindicaturabarcelona.cat\\\/es\\\/activitat\\\/a-peu-de-carrer-sant-genis-dels-agudells-i-montbau\\\/\"]}]},{\"@type\":\"ImageObject\",\"inLanguage\":\"es\",\"@id\":\"https:\\\/\\\/www.sindicaturabarcelona.cat\\\/es\\\/activitat\\\/a-peu-de-carrer-sant-genis-dels-agudells-i-montbau\\\/#primaryimage\",\"url\":\"https:\\\/\\\/www.sindicaturabarcelona.cat\\\/wp-content\\\/uploads\\\/bg_a_peu_de_carrer.jpg\",\"contentUrl\":\"https:\\\/\\\/www.sindicaturabarcelona.cat\\\/wp-content\\\/uploads\\\/bg_a_peu_de_carrer.jpg\",\"width\":700,\"height\":250},{\"@type\":\"BreadcrumbList\",\"@id\":\"https:\\\/\\\/www.sindicaturabarcelona.cat\\\/es\\\/activitat\\\/a-peu-de-carrer-sant-genis-dels-agudells-i-montbau\\\/#breadcrumb\",\"itemListElement\":[{\"@type\":\"ListItem\",\"position\":1,\"name\":\"Inici\",\"item\":\"https:\\\/\\\/www.sindicaturabarcelona.cat\\\/es\\\/\"},{\"@type\":\"ListItem\",\"position\":2,\"name\":\"Eventos\",\"item\":\"https:\\\/\\\/www.sindicaturabarcelona.cat\\\/es\\\/agenda\\\/\"},{\"@type\":\"ListItem\",\"position\":3,\"name\":\"A peu de carrer: Sant Gen\u00eds dels Agudells i Montbau\"}]},{\"@type\":\"WebSite\",\"@id\":\"https:\\\/\\\/www.sindicaturabarcelona.cat\\\/es\\\/#website\",\"url\":\"https:\\\/\\\/www.sindicaturabarcelona.cat\\\/es\\\/\",\"name\":\"Sindicatura de Greuges de Barcelona\",\"description\":\"La defensoria dels teus drets\",\"publisher\":{\"@id\":\"https:\\\/\\\/www.sindicaturabarcelona.cat\\\/es\\\/#organization\"},\"potentialAction\":[{\"@type\":\"SearchAction\",\"target\":{\"@type\":\"EntryPoint\",\"urlTemplate\":\"https:\\\/\\\/www.sindicaturabarcelona.cat\\\/es\\\/?s={search_term_string}\"},\"query-input\":{\"@type\":\"PropertyValueSpecification\",\"valueRequired\":true,\"valueName\":\"search_term_string\"}}],\"inLanguage\":\"es\"},{\"@type\":\"Organization\",\"@id\":\"https:\\\/\\\/www.sindicaturabarcelona.cat\\\/es\\\/#organization\",\"name\":\"Sindicatura de Greuges de Barcelona\",\"url\":\"https:\\\/\\\/www.sindicaturabarcelona.cat\\\/es\\\/\",\"logo\":{\"@type\":\"ImageObject\",\"inLanguage\":\"es\",\"@id\":\"https:\\\/\\\/www.sindicaturabarcelona.cat\\\/es\\\/#\\\/schema\\\/logo\\\/image\\\/\",\"url\":\"https:\\\/\\\/www.sindicaturabarcelona.cat\\\/wp-content\\\/uploads\\\/2023\\\/02\\\/logo_sindicatura.svg\",\"contentUrl\":\"https:\\\/\\\/www.sindicaturabarcelona.cat\\\/wp-content\\\/uploads\\\/2023\\\/02\\\/logo_sindicatura.svg\",\"caption\":\"Sindicatura de Greuges de Barcelona\"},\"image\":{\"@id\":\"https:\\\/\\\/www.sindicaturabarcelona.cat\\\/es\\\/#\\\/schema\\\/logo\\\/image\\\/\"},\"sameAs\":[\"https:\\\/\\\/x.com\\\/sindicbarcelona\",\"https:\\\/\\\/www.instagram.com\\\/sindicbarcelona\\\/\",\"https:\\\/\\\/www.tiktok.com\\\/@sindicaturabcn\",\"https:\\\/\\\/t.me\\\/sindicaturabarcelona\"]}]}<\/script>\n<!-- \/ Yoast SEO plugin. -->","yoast_head_json":{"title":"A peu de carrer: Sant Gen\u00eds dels Agudells i Montbau - Sindicatura de Greuges de Barcelona","robots":{"index":"index","follow":"follow","max-snippet":"max-snippet:-1","max-image-preview":"max-image-preview:large","max-video-preview":"max-video-preview:-1"},"canonical":"https:\/\/www.sindicaturabarcelona.cat\/es\/activitat\/a-peu-de-carrer-sant-genis-dels-agudells-i-montbau\/","og_locale":"es_ES","og_type":"article","og_title":"A peu de carrer: Sant Gen\u00eds dels Agudells i Montbau - Sindicatura de Greuges de Barcelona","og_description":"Una representaci\u00f3 de l\u2019equip de la Sindicatura dedica el dia a con\u00e8ixer, a peu de carrer, les principals problem\u00e0tiques i neguits de cadascun dels 73 barris de la ciutat. En [&hellip;]","og_url":"https:\/\/www.sindicaturabarcelona.cat\/es\/activitat\/a-peu-de-carrer-sant-genis-dels-agudells-i-montbau\/","og_site_name":"Sindicatura de Greuges de Barcelona","og_image":[{"width":700,"height":250,"url":"https:\/\/www.sindicaturabarcelona.cat\/wp-content\/uploads\/bg_a_peu_de_carrer.jpg","type":"image\/jpeg"}],"twitter_card":"summary_large_image","twitter_site":"@sindicbarcelona","schema":{"@context":"https:\/\/schema.org","@graph":[{"@type":"WebPage","@id":"https:\/\/www.sindicaturabarcelona.cat\/es\/activitat\/a-peu-de-carrer-sant-genis-dels-agudells-i-montbau\/","url":"https:\/\/www.sindicaturabarcelona.cat\/es\/activitat\/a-peu-de-carrer-sant-genis-dels-agudells-i-montbau\/","name":"A peu de carrer: Sant Gen\u00eds dels Agudells i Montbau - Sindicatura de Greuges de Barcelona","isPartOf":{"@id":"https:\/\/www.sindicaturabarcelona.cat\/es\/#website"},"primaryImageOfPage":{"@id":"https:\/\/www.sindicaturabarcelona.cat\/es\/activitat\/a-peu-de-carrer-sant-genis-dels-agudells-i-montbau\/#primaryimage"},"image":{"@id":"https:\/\/www.sindicaturabarcelona.cat\/es\/activitat\/a-peu-de-carrer-sant-genis-dels-agudells-i-montbau\/#primaryimage"},"thumbnailUrl":"https:\/\/www.sindicaturabarcelona.cat\/wp-content\/uploads\/bg_a_peu_de_carrer.jpg","datePublished":"2023-05-25T14:40:06+00:00","breadcrumb":{"@id":"https:\/\/www.sindicaturabarcelona.cat\/es\/activitat\/a-peu-de-carrer-sant-genis-dels-agudells-i-montbau\/#breadcrumb"},"inLanguage":"es","potentialAction":[{"@type":"ReadAction","target":["https:\/\/www.sindicaturabarcelona.cat\/es\/activitat\/a-peu-de-carrer-sant-genis-dels-agudells-i-montbau\/"]}]},{"@type":"ImageObject","inLanguage":"es","@id":"https:\/\/www.sindicaturabarcelona.cat\/es\/activitat\/a-peu-de-carrer-sant-genis-dels-agudells-i-montbau\/#primaryimage","url":"https:\/\/www.sindicaturabarcelona.cat\/wp-content\/uploads\/bg_a_peu_de_carrer.jpg","contentUrl":"https:\/\/www.sindicaturabarcelona.cat\/wp-content\/uploads\/bg_a_peu_de_carrer.jpg","width":700,"height":250},{"@type":"BreadcrumbList","@id":"https:\/\/www.sindicaturabarcelona.cat\/es\/activitat\/a-peu-de-carrer-sant-genis-dels-agudells-i-montbau\/#breadcrumb","itemListElement":[{"@type":"ListItem","position":1,"name":"Inici","item":"https:\/\/www.sindicaturabarcelona.cat\/es\/"},{"@type":"ListItem","position":2,"name":"Eventos","item":"https:\/\/www.sindicaturabarcelona.cat\/es\/agenda\/"},{"@type":"ListItem","position":3,"name":"A peu de carrer: Sant Gen\u00eds dels Agudells i Montbau"}]},{"@type":"WebSite","@id":"https:\/\/www.sindicaturabarcelona.cat\/es\/#website","url":"https:\/\/www.sindicaturabarcelona.cat\/es\/","name":"Sindicatura de Greuges de Barcelona","description":"La defensoria dels teus drets","publisher":{"@id":"https:\/\/www.sindicaturabarcelona.cat\/es\/#organization"},"potentialAction":[{"@type":"SearchAction","target":{"@type":"EntryPoint","urlTemplate":"https:\/\/www.sindicaturabarcelona.cat\/es\/?s={search_term_string}"},"query-input":{"@type":"PropertyValueSpecification","valueRequired":true,"valueName":"search_term_string"}}],"inLanguage":"es"},{"@type":"Organization","@id":"https:\/\/www.sindicaturabarcelona.cat\/es\/#organization","name":"Sindicatura de Greuges de Barcelona","url":"https:\/\/www.sindicaturabarcelona.cat\/es\/","logo":{"@type":"ImageObject","inLanguage":"es","@id":"https:\/\/www.sindicaturabarcelona.cat\/es\/#\/schema\/logo\/image\/","url":"https:\/\/www.sindicaturabarcelona.cat\/wp-content\/uploads\/2023\/02\/logo_sindicatura.svg","contentUrl":"https:\/\/www.sindicaturabarcelona.cat\/wp-content\/uploads\/2023\/02\/logo_sindicatura.svg","caption":"Sindicatura de Greuges de Barcelona"},"image":{"@id":"https:\/\/www.sindicaturabarcelona.cat\/es\/#\/schema\/logo\/image\/"},"sameAs":["https:\/\/x.com\/sindicbarcelona","https:\/\/www.instagram.com\/sindicbarcelona\/","https:\/\/www.tiktok.com\/@sindicaturabcn","https:\/\/t.me\/sindicaturabarcelona"]}]}},"_links":{"self":[{"href":"https:\/\/www.sindicaturabarcelona.cat\/es\/wp-json\/wp\/v2\/tribe_events\/28755","targetHints":{"allow":["GET"]}}],"collection":[{"href":"https:\/\/www.sindicaturabarcelona.cat\/es\/wp-json\/wp\/v2\/tribe_events"}],"about":[{"href":"https:\/\/www.sindicaturabarcelona.cat\/es\/wp-json\/wp\/v2\/types\/tribe_events"}],"author":[{"embeddable":true,"href":"https:\/\/www.sindicaturabarcelona.cat\/es\/wp-json\/wp\/v2\/users\/2"}],"version-history":[{"count":0,"href":"https:\/\/www.sindicaturabarcelona.cat\/es\/wp-json\/wp\/v2\/tribe_events\/28755\/revisions"}],"wp:featuredmedia":[{"embeddable":true,"href":"https:\/\/www.sindicaturabarcelona.cat\/es\/wp-json\/wp\/v2\/media\/28295"}],"wp:attachment":[{"href":"https:\/\/www.sindicaturabarcelona.cat\/es\/wp-json\/wp\/v2\/media?parent=28755"}],"wp:term":[{"taxonomy":"post_tag","embeddable":true,"href":"https:\/\/www.sindicaturabarcelona.cat\/es\/wp-json\/wp\/v2\/tags?post=28755"},{"taxonomy":"tribe_events_cat","embeddable":true,"href":"https:\/\/www.sindicaturabarcelona.cat\/es\/wp-json\/wp\/v2\/tribe_events_cat?post=28755"}],"curies":[{"name":"wp","href":"https:\/\/api.w.org\/{rel}","templated":true}]}}

A peu de carrer: Sant Genís dels Agudells i Montbau

<p>Una representació de l’equip de la Sindicatura dedica el dia a conèixer, a peu de carrer, les principals problemàtiques i neguits de cadascun dels 73 barris de la ciutat. En aquesta ocasió, visitaran els barris de Sant Genís dels Agudells i Montbau, a Horta-Guinardó.</p>

<p>Una representació de l’equip de la Sindicatura dedica el dia a conèixer, a peu de carrer, les principals problemàtiques i neguits de cadascun dels 73 barris de la ciutat. En [&hellip;]</p>

<!-- This site is optimized with the Yoast SEO plugin v27.5 - https://yoast.com/product/yoast-seo-wordpress/ -->
<title>A peu de carrer: Sant Genís dels Agudells i Montbau - Sindicatura de Greuges de Barcelona</title>
<meta name="robots" content="index, follow, max-snippet:-1, max-image-preview:large, max-video-preview:-1" />
<link rel="canonical" href="https://www.sindicaturabarcelona.cat/es/activitat/a-peu-de-carrer-sant-genis-dels-agudells-i-montbau/" />
<meta property="og:locale" content="es_ES" />
<meta property="og:type" content="article" />
<meta property="og:title" content="A peu de carrer: Sant Genís dels Agudells i Montbau - Sindicatura de Greuges de Barcelona" />
<meta property="og:description" content="Una representació de l’equip de la Sindicatura dedica el dia a conèixer, a peu de carrer, les principals problemàtiques i neguits de cadascun dels 73 barris de la ciutat. En [&hellip;]" />
<meta property="og:url" content="https://www.sindicaturabarcelona.cat/es/activitat/a-peu-de-carrer-sant-genis-dels-agudells-i-montbau/" />
<meta property="og:site_name" content="Sindicatura de Greuges de Barcelona" />
<meta property="og:image" content="https://www.sindicaturabarcelona.cat/wp-content/uploads/bg_a_peu_de_carrer.jpg" />
	<meta property="og:image:width" content="700" />
	<meta property="og:image:height" content="250" />
	<meta property="og:image:type" content="image/jpeg" />
<meta name="twitter:card" content="summary_large_image" />
<meta name="twitter:site" content="@sindicbarcelona" />
<script type="application/ld+json" class="yoast-schema-graph">{"@context":"https:\/\/schema.org","@graph":[{"@type":"WebPage","@id":"https:\/\/www.sindicaturabarcelona.cat\/es\/activitat\/a-peu-de-carrer-sant-genis-dels-agudells-i-montbau\/","url":"https:\/\/www.sindicaturabarcelona.cat\/es\/activitat\/a-peu-de-carrer-sant-genis-dels-agudells-i-montbau\/","name":"A peu de carrer: Sant Genís dels Agudells i Montbau - Sindicatura de Greuges de Barcelona","isPartOf":{"@id":"https:\/\/www.sindicaturabarcelona.cat\/es\/#website"},"primaryImageOfPage":{"@id":"https:\/\/www.sindicaturabarcelona.cat\/es\/activitat\/a-peu-de-carrer-sant-genis-dels-agudells-i-montbau\/#primaryimage"},"image":{"@id":"https:\/\/www.sindicaturabarcelona.cat\/es\/activitat\/a-peu-de-carrer-sant-genis-dels-agudells-i-montbau\/#primaryimage"},"thumbnailUrl":"https:\/\/www.sindicaturabarcelona.cat\/wp-content\/uploads\/bg_a_peu_de_carrer.jpg","datePublished":"2023-05-25T14:40:06+00:00","breadcrumb":{"@id":"https:\/\/www.sindicaturabarcelona.cat\/es\/activitat\/a-peu-de-carrer-sant-genis-dels-agudells-i-montbau\/#breadcrumb"},"inLanguage":"es","potentialAction":[{"@type":"ReadAction","target":["https:\/\/www.sindicaturabarcelona.cat\/es\/activitat\/a-peu-de-carrer-sant-genis-dels-agudells-i-montbau\/"]}]},{"@type":"ImageObject","inLanguage":"es","@id":"https:\/\/www.sindicaturabarcelona.cat\/es\/activitat\/a-peu-de-carrer-sant-genis-dels-agudells-i-montbau\/#primaryimage","url":"https:\/\/www.sindicaturabarcelona.cat\/wp-content\/uploads\/bg_a_peu_de_carrer.jpg","contentUrl":"https:\/\/www.sindicaturabarcelona.cat\/wp-content\/uploads\/bg_a_peu_de_carrer.jpg","width":700,"height":250},{"@type":"BreadcrumbList","@id":"https:\/\/www.sindicaturabarcelona.cat\/es\/activitat\/a-peu-de-carrer-sant-genis-dels-agudells-i-montbau\/#breadcrumb","itemListElement":[{"@type":"ListItem","position":1,"name":"Inici","item":"https:\/\/www.sindicaturabarcelona.cat\/es\/"},{"@type":"ListItem","position":2,"name":"Eventos","item":"https:\/\/www.sindicaturabarcelona.cat\/es\/agenda\/"},{"@type":"ListItem","position":3,"name":"A peu de carrer: Sant Genís dels Agudells i Montbau"}]},{"@type":"WebSite","@id":"https:\/\/www.sindicaturabarcelona.cat\/es\/#website","url":"https:\/\/www.sindicaturabarcelona.cat\/es\/","name":"Sindicatura de Greuges de Barcelona","description":"La defensoria dels teus drets","publisher":{"@id":"https:\/\/www.sindicaturabarcelona.cat\/es\/#organization"},"potentialAction":[{"@type":"SearchAction","target":{"@type":"EntryPoint","urlTemplate":"https:\/\/www.sindicaturabarcelona.cat\/es\/?s={search_term_string}"},"query-input":{"@type":"PropertyValueSpecification","valueRequired":true,"valueName":"search_term_string"}}],"inLanguage":"es"},{"@type":"Organization","@id":"https:\/\/www.sindicaturabarcelona.cat\/es\/#organization","name":"Sindicatura de Greuges de Barcelona","url":"https:\/\/www.sindicaturabarcelona.cat\/es\/","logo":{"@type":"ImageObject","inLanguage":"es","@id":"https:\/\/www.sindicaturabarcelona.cat\/es\/#\/schema\/logo\/image\/","url":"https:\/\/www.sindicaturabarcelona.cat\/wp-content\/uploads\/2023\/02\/logo_sindicatura.svg","contentUrl":"https:\/\/www.sindicaturabarcelona.cat\/wp-content\/uploads\/2023\/02\/logo_sindicatura.svg","caption":"Sindicatura de Greuges de Barcelona"},"image":{"@id":"https:\/\/www.sindicaturabarcelona.cat\/es\/#\/schema\/logo\/image\/"},"sameAs":["https:\/\/x.com\/sindicbarcelona","https:\/\/www.instagram.com\/sindicbarcelona\/","https:\/\/www.tiktok.com\/@sindicaturabcn","https:\/\/t.me\/sindicaturabarcelona"]}]}</script>
<!-- / Yoast SEO plugin. -->

A peu de carrer: Sant Genís dels Agudells i Montbau - Sindicatura de Greuges de Barcelona

Una representació de l’equip de la Sindicatura dedica el dia a conèixer, a peu de carrer, les principals problemàtiques i neguits de cadascun dels 73 barris de la ciutat. En [&hellip;]
