{"id":42793,"date":"2026-05-26T15:32:49","date_gmt":"2026-05-26T13:32:49","guid":{"rendered":"https:\/\/www.sindicaturabarcelona.cat\/?post_type=tribe_events&#038;p=42793"},"modified":"2026-06-08T17:38:08","modified_gmt":"2026-06-08T15:38:08","slug":"debat-a-beteve-entre-les-candidatures-a-sindic-o-sindica-de-greuges-de-barcelona-2026-2031","status":"publish","type":"tribe_events","link":"https:\/\/www.sindicaturabarcelona.cat\/ca\/activitat\/debat-a-beteve-entre-les-candidatures-a-sindic-o-sindica-de-greuges-de-barcelona-2026-2031\/","title":{"rendered":"Debat a Betev\u00e9 entre les candidatures a s\u00edndic o s\u00edndica de greuges de Barcelona 2026-2031"},"content":{"rendered":"","protected":false},"excerpt":{"rendered":"","protected":false},"author":2,"featured_media":0,"template":"","meta":{"_acf_changed":false,"_tribe_events_status":"","_tribe_events_status_reason":"","footnotes":""},"tags":[],"tribe_events_cat":[1634,1499],"class_list":["post-42793","tribe_events","type-tribe_events","status-publish","hentry","tribe_events_cat-institucional","tribe_events_cat-mitjans","cat_institucional","cat_mitjans"],"acf":[],"yoast_head":"<!-- This site is optimized with the Yoast SEO plugin v27.5 - https:\/\/yoast.com\/product\/yoast-seo-wordpress\/ -->\n<title>Debat a Betev\u00e9 entre les candidatures a s\u00edndic o s\u00edndica de greuges de Barcelona 2026-2031 - Sindicatura de Greuges de Barcelona<\/title>\n<meta name=\"robots\" content=\"index, follow, max-snippet:-1, max-image-preview:large, max-video-preview:-1\" \/>\n<link rel=\"canonical\" href=\"https:\/\/www.sindicaturabarcelona.cat\/ca\/activitat\/debat-a-beteve-entre-les-candidatures-a-sindic-o-sindica-de-greuges-de-barcelona-2026-2031\/\" \/>\n<meta property=\"og:locale\" content=\"ca_ES\" \/>\n<meta property=\"og:type\" content=\"article\" \/>\n<meta property=\"og:title\" content=\"Debat a Betev\u00e9 entre les candidatures a s\u00edndic o s\u00edndica de greuges de Barcelona 2026-2031 - Sindicatura de Greuges de Barcelona\" \/>\n<meta property=\"og:url\" content=\"https:\/\/www.sindicaturabarcelona.cat\/ca\/activitat\/debat-a-beteve-entre-les-candidatures-a-sindic-o-sindica-de-greuges-de-barcelona-2026-2031\/\" \/>\n<meta property=\"og:site_name\" content=\"Sindicatura de Greuges de Barcelona\" \/>\n<meta property=\"article:modified_time\" content=\"2026-06-08T15:38:08+00:00\" \/>\n<meta name=\"twitter:card\" content=\"summary_large_image\" \/>\n<meta name=\"twitter:site\" content=\"@sindicbarcelona\" \/>\n<script type=\"application\/ld+json\" class=\"yoast-schema-graph\">{\"@context\":\"https:\\\/\\\/schema.org\",\"@graph\":[{\"@type\":\"WebPage\",\"@id\":\"https:\\\/\\\/www.sindicaturabarcelona.cat\\\/ca\\\/activitat\\\/debat-a-beteve-entre-les-candidatures-a-sindic-o-sindica-de-greuges-de-barcelona-2026-2031\\\/\",\"url\":\"https:\\\/\\\/www.sindicaturabarcelona.cat\\\/ca\\\/activitat\\\/debat-a-beteve-entre-les-candidatures-a-sindic-o-sindica-de-greuges-de-barcelona-2026-2031\\\/\",\"name\":\"Debat a Betev\u00e9 entre les candidatures a s\u00edndic o s\u00edndica de greuges de Barcelona 2026-2031 - Sindicatura de Greuges de Barcelona\",\"isPartOf\":{\"@id\":\"https:\\\/\\\/www.sindicaturabarcelona.cat\\\/ca\\\/#website\"},\"datePublished\":\"2026-05-26T13:32:49+00:00\",\"dateModified\":\"2026-06-08T15:38:08+00:00\",\"breadcrumb\":{\"@id\":\"https:\\\/\\\/www.sindicaturabarcelona.cat\\\/ca\\\/activitat\\\/debat-a-beteve-entre-les-candidatures-a-sindic-o-sindica-de-greuges-de-barcelona-2026-2031\\\/#breadcrumb\"},\"inLanguage\":\"ca\",\"potentialAction\":[{\"@type\":\"ReadAction\",\"target\":[\"https:\\\/\\\/www.sindicaturabarcelona.cat\\\/ca\\\/activitat\\\/debat-a-beteve-entre-les-candidatures-a-sindic-o-sindica-de-greuges-de-barcelona-2026-2031\\\/\"]}]},{\"@type\":\"BreadcrumbList\",\"@id\":\"https:\\\/\\\/www.sindicaturabarcelona.cat\\\/ca\\\/activitat\\\/debat-a-beteve-entre-les-candidatures-a-sindic-o-sindica-de-greuges-de-barcelona-2026-2031\\\/#breadcrumb\",\"itemListElement\":[{\"@type\":\"ListItem\",\"position\":1,\"name\":\"Inici\",\"item\":\"https:\\\/\\\/www.sindicaturabarcelona.cat\\\/ca\\\/\"},{\"@type\":\"ListItem\",\"position\":2,\"name\":\"Esdeveniments\",\"item\":\"https:\\\/\\\/www.sindicaturabarcelona.cat\\\/ca\\\/agenda\\\/\"},{\"@type\":\"ListItem\",\"position\":3,\"name\":\"Debat a Betev\u00e9 entre les candidatures a s\u00edndic o s\u00edndica de greuges de Barcelona 2026-2031\"}]},{\"@type\":\"WebSite\",\"@id\":\"https:\\\/\\\/www.sindicaturabarcelona.cat\\\/ca\\\/#website\",\"url\":\"https:\\\/\\\/www.sindicaturabarcelona.cat\\\/ca\\\/\",\"name\":\"Sindicatura de Greuges de Barcelona\",\"description\":\"La defensoria dels teus drets\",\"publisher\":{\"@id\":\"https:\\\/\\\/www.sindicaturabarcelona.cat\\\/ca\\\/#organization\"},\"potentialAction\":[{\"@type\":\"SearchAction\",\"target\":{\"@type\":\"EntryPoint\",\"urlTemplate\":\"https:\\\/\\\/www.sindicaturabarcelona.cat\\\/ca\\\/?s={search_term_string}\"},\"query-input\":{\"@type\":\"PropertyValueSpecification\",\"valueRequired\":true,\"valueName\":\"search_term_string\"}}],\"inLanguage\":\"ca\"},{\"@type\":\"Organization\",\"@id\":\"https:\\\/\\\/www.sindicaturabarcelona.cat\\\/ca\\\/#organization\",\"name\":\"Sindicatura de Greuges de Barcelona\",\"url\":\"https:\\\/\\\/www.sindicaturabarcelona.cat\\\/ca\\\/\",\"logo\":{\"@type\":\"ImageObject\",\"inLanguage\":\"ca\",\"@id\":\"https:\\\/\\\/www.sindicaturabarcelona.cat\\\/ca\\\/#\\\/schema\\\/logo\\\/image\\\/\",\"url\":\"https:\\\/\\\/www.sindicaturabarcelona.cat\\\/wp-content\\\/uploads\\\/2023\\\/02\\\/logo_sindicatura.svg\",\"contentUrl\":\"https:\\\/\\\/www.sindicaturabarcelona.cat\\\/wp-content\\\/uploads\\\/2023\\\/02\\\/logo_sindicatura.svg\",\"caption\":\"Sindicatura de Greuges de Barcelona\"},\"image\":{\"@id\":\"https:\\\/\\\/www.sindicaturabarcelona.cat\\\/ca\\\/#\\\/schema\\\/logo\\\/image\\\/\"},\"sameAs\":[\"https:\\\/\\\/x.com\\\/sindicbarcelona\",\"https:\\\/\\\/www.instagram.com\\\/sindicbarcelona\\\/\",\"https:\\\/\\\/www.tiktok.com\\\/@sindicaturabcn\",\"https:\\\/\\\/t.me\\\/sindicaturabarcelona\"]}]}<\/script>\n<!-- \/ Yoast SEO plugin. -->","yoast_head_json":{"title":"Debat a Betev\u00e9 entre les candidatures a s\u00edndic o s\u00edndica de greuges de Barcelona 2026-2031 - Sindicatura de Greuges de Barcelona","robots":{"index":"index","follow":"follow","max-snippet":"max-snippet:-1","max-image-preview":"max-image-preview:large","max-video-preview":"max-video-preview:-1"},"canonical":"https:\/\/www.sindicaturabarcelona.cat\/ca\/activitat\/debat-a-beteve-entre-les-candidatures-a-sindic-o-sindica-de-greuges-de-barcelona-2026-2031\/","og_locale":"ca_ES","og_type":"article","og_title":"Debat a Betev\u00e9 entre les candidatures a s\u00edndic o s\u00edndica de greuges de Barcelona 2026-2031 - Sindicatura de Greuges de Barcelona","og_url":"https:\/\/www.sindicaturabarcelona.cat\/ca\/activitat\/debat-a-beteve-entre-les-candidatures-a-sindic-o-sindica-de-greuges-de-barcelona-2026-2031\/","og_site_name":"Sindicatura de Greuges de Barcelona","article_modified_time":"2026-06-08T15:38:08+00:00","twitter_card":"summary_large_image","twitter_site":"@sindicbarcelona","schema":{"@context":"https:\/\/schema.org","@graph":[{"@type":"WebPage","@id":"https:\/\/www.sindicaturabarcelona.cat\/ca\/activitat\/debat-a-beteve-entre-les-candidatures-a-sindic-o-sindica-de-greuges-de-barcelona-2026-2031\/","url":"https:\/\/www.sindicaturabarcelona.cat\/ca\/activitat\/debat-a-beteve-entre-les-candidatures-a-sindic-o-sindica-de-greuges-de-barcelona-2026-2031\/","name":"Debat a Betev\u00e9 entre les candidatures a s\u00edndic o s\u00edndica de greuges de Barcelona 2026-2031 - Sindicatura de Greuges de Barcelona","isPartOf":{"@id":"https:\/\/www.sindicaturabarcelona.cat\/ca\/#website"},"datePublished":"2026-05-26T13:32:49+00:00","dateModified":"2026-06-08T15:38:08+00:00","breadcrumb":{"@id":"https:\/\/www.sindicaturabarcelona.cat\/ca\/activitat\/debat-a-beteve-entre-les-candidatures-a-sindic-o-sindica-de-greuges-de-barcelona-2026-2031\/#breadcrumb"},"inLanguage":"ca","potentialAction":[{"@type":"ReadAction","target":["https:\/\/www.sindicaturabarcelona.cat\/ca\/activitat\/debat-a-beteve-entre-les-candidatures-a-sindic-o-sindica-de-greuges-de-barcelona-2026-2031\/"]}]},{"@type":"BreadcrumbList","@id":"https:\/\/www.sindicaturabarcelona.cat\/ca\/activitat\/debat-a-beteve-entre-les-candidatures-a-sindic-o-sindica-de-greuges-de-barcelona-2026-2031\/#breadcrumb","itemListElement":[{"@type":"ListItem","position":1,"name":"Inici","item":"https:\/\/www.sindicaturabarcelona.cat\/ca\/"},{"@type":"ListItem","position":2,"name":"Esdeveniments","item":"https:\/\/www.sindicaturabarcelona.cat\/ca\/agenda\/"},{"@type":"ListItem","position":3,"name":"Debat a Betev\u00e9 entre les candidatures a s\u00edndic o s\u00edndica de greuges de Barcelona 2026-2031"}]},{"@type":"WebSite","@id":"https:\/\/www.sindicaturabarcelona.cat\/ca\/#website","url":"https:\/\/www.sindicaturabarcelona.cat\/ca\/","name":"Sindicatura de Greuges de Barcelona","description":"La defensoria dels teus drets","publisher":{"@id":"https:\/\/www.sindicaturabarcelona.cat\/ca\/#organization"},"potentialAction":[{"@type":"SearchAction","target":{"@type":"EntryPoint","urlTemplate":"https:\/\/www.sindicaturabarcelona.cat\/ca\/?s={search_term_string}"},"query-input":{"@type":"PropertyValueSpecification","valueRequired":true,"valueName":"search_term_string"}}],"inLanguage":"ca"},{"@type":"Organization","@id":"https:\/\/www.sindicaturabarcelona.cat\/ca\/#organization","name":"Sindicatura de Greuges de Barcelona","url":"https:\/\/www.sindicaturabarcelona.cat\/ca\/","logo":{"@type":"ImageObject","inLanguage":"ca","@id":"https:\/\/www.sindicaturabarcelona.cat\/ca\/#\/schema\/logo\/image\/","url":"https:\/\/www.sindicaturabarcelona.cat\/wp-content\/uploads\/2023\/02\/logo_sindicatura.svg","contentUrl":"https:\/\/www.sindicaturabarcelona.cat\/wp-content\/uploads\/2023\/02\/logo_sindicatura.svg","caption":"Sindicatura de Greuges de Barcelona"},"image":{"@id":"https:\/\/www.sindicaturabarcelona.cat\/ca\/#\/schema\/logo\/image\/"},"sameAs":["https:\/\/x.com\/sindicbarcelona","https:\/\/www.instagram.com\/sindicbarcelona\/","https:\/\/www.tiktok.com\/@sindicaturabcn","https:\/\/t.me\/sindicaturabarcelona"]}]}},"_links":{"self":[{"href":"https:\/\/www.sindicaturabarcelona.cat\/ca\/wp-json\/wp\/v2\/tribe_events\/42793","targetHints":{"allow":["GET"]}}],"collection":[{"href":"https:\/\/www.sindicaturabarcelona.cat\/ca\/wp-json\/wp\/v2\/tribe_events"}],"about":[{"href":"https:\/\/www.sindicaturabarcelona.cat\/ca\/wp-json\/wp\/v2\/types\/tribe_events"}],"author":[{"embeddable":true,"href":"https:\/\/www.sindicaturabarcelona.cat\/ca\/wp-json\/wp\/v2\/users\/2"}],"version-history":[{"count":1,"href":"https:\/\/www.sindicaturabarcelona.cat\/ca\/wp-json\/wp\/v2\/tribe_events\/42793\/revisions"}],"predecessor-version":[{"id":42794,"href":"https:\/\/www.sindicaturabarcelona.cat\/ca\/wp-json\/wp\/v2\/tribe_events\/42793\/revisions\/42794"}],"wp:attachment":[{"href":"https:\/\/www.sindicaturabarcelona.cat\/ca\/wp-json\/wp\/v2\/media?parent=42793"}],"wp:term":[{"taxonomy":"post_tag","embeddable":true,"href":"https:\/\/www.sindicaturabarcelona.cat\/ca\/wp-json\/wp\/v2\/tags?post=42793"},{"taxonomy":"tribe_events_cat","embeddable":true,"href":"https:\/\/www.sindicaturabarcelona.cat\/ca\/wp-json\/wp\/v2\/tribe_events_cat?post=42793"}],"curies":[{"name":"wp","href":"https:\/\/api.w.org\/{rel}","templated":true}]}}

Debat a Betevé entre les candidatures a síndic o síndica de greuges de Barcelona 2026-2031

<!-- This site is optimized with the Yoast SEO plugin v27.5 - https://yoast.com/product/yoast-seo-wordpress/ -->
<title>Debat a Betevé entre les candidatures a síndic o síndica de greuges de Barcelona 2026-2031 - Sindicatura de Greuges de Barcelona</title>
<meta name="robots" content="index, follow, max-snippet:-1, max-image-preview:large, max-video-preview:-1" />
<link rel="canonical" href="https://www.sindicaturabarcelona.cat/ca/activitat/debat-a-beteve-entre-les-candidatures-a-sindic-o-sindica-de-greuges-de-barcelona-2026-2031/" />
<meta property="og:locale" content="ca_ES" />
<meta property="og:type" content="article" />
<meta property="og:title" content="Debat a Betevé entre les candidatures a síndic o síndica de greuges de Barcelona 2026-2031 - Sindicatura de Greuges de Barcelona" />
<meta property="og:url" content="https://www.sindicaturabarcelona.cat/ca/activitat/debat-a-beteve-entre-les-candidatures-a-sindic-o-sindica-de-greuges-de-barcelona-2026-2031/" />
<meta property="og:site_name" content="Sindicatura de Greuges de Barcelona" />
<meta property="article:modified_time" content="2026-06-08T15:38:08+00:00" />
<meta name="twitter:card" content="summary_large_image" />
<meta name="twitter:site" content="@sindicbarcelona" />
<script type="application/ld+json" class="yoast-schema-graph">{"@context":"https:\/\/schema.org","@graph":[{"@type":"WebPage","@id":"https:\/\/www.sindicaturabarcelona.cat\/ca\/activitat\/debat-a-beteve-entre-les-candidatures-a-sindic-o-sindica-de-greuges-de-barcelona-2026-2031\/","url":"https:\/\/www.sindicaturabarcelona.cat\/ca\/activitat\/debat-a-beteve-entre-les-candidatures-a-sindic-o-sindica-de-greuges-de-barcelona-2026-2031\/","name":"Debat a Betevé entre les candidatures a síndic o síndica de greuges de Barcelona 2026-2031 - Sindicatura de Greuges de Barcelona","isPartOf":{"@id":"https:\/\/www.sindicaturabarcelona.cat\/ca\/#website"},"datePublished":"2026-05-26T13:32:49+00:00","dateModified":"2026-06-08T15:38:08+00:00","breadcrumb":{"@id":"https:\/\/www.sindicaturabarcelona.cat\/ca\/activitat\/debat-a-beteve-entre-les-candidatures-a-sindic-o-sindica-de-greuges-de-barcelona-2026-2031\/#breadcrumb"},"inLanguage":"ca","potentialAction":[{"@type":"ReadAction","target":["https:\/\/www.sindicaturabarcelona.cat\/ca\/activitat\/debat-a-beteve-entre-les-candidatures-a-sindic-o-sindica-de-greuges-de-barcelona-2026-2031\/"]}]},{"@type":"BreadcrumbList","@id":"https:\/\/www.sindicaturabarcelona.cat\/ca\/activitat\/debat-a-beteve-entre-les-candidatures-a-sindic-o-sindica-de-greuges-de-barcelona-2026-2031\/#breadcrumb","itemListElement":[{"@type":"ListItem","position":1,"name":"Inici","item":"https:\/\/www.sindicaturabarcelona.cat\/ca\/"},{"@type":"ListItem","position":2,"name":"Esdeveniments","item":"https:\/\/www.sindicaturabarcelona.cat\/ca\/agenda\/"},{"@type":"ListItem","position":3,"name":"Debat a Betevé entre les candidatures a síndic o síndica de greuges de Barcelona 2026-2031"}]},{"@type":"WebSite","@id":"https:\/\/www.sindicaturabarcelona.cat\/ca\/#website","url":"https:\/\/www.sindicaturabarcelona.cat\/ca\/","name":"Sindicatura de Greuges de Barcelona","description":"La defensoria dels teus drets","publisher":{"@id":"https:\/\/www.sindicaturabarcelona.cat\/ca\/#organization"},"potentialAction":[{"@type":"SearchAction","target":{"@type":"EntryPoint","urlTemplate":"https:\/\/www.sindicaturabarcelona.cat\/ca\/?s={search_term_string}"},"query-input":{"@type":"PropertyValueSpecification","valueRequired":true,"valueName":"search_term_string"}}],"inLanguage":"ca"},{"@type":"Organization","@id":"https:\/\/www.sindicaturabarcelona.cat\/ca\/#organization","name":"Sindicatura de Greuges de Barcelona","url":"https:\/\/www.sindicaturabarcelona.cat\/ca\/","logo":{"@type":"ImageObject","inLanguage":"ca","@id":"https:\/\/www.sindicaturabarcelona.cat\/ca\/#\/schema\/logo\/image\/","url":"https:\/\/www.sindicaturabarcelona.cat\/wp-content\/uploads\/2023\/02\/logo_sindicatura.svg","contentUrl":"https:\/\/www.sindicaturabarcelona.cat\/wp-content\/uploads\/2023\/02\/logo_sindicatura.svg","caption":"Sindicatura de Greuges de Barcelona"},"image":{"@id":"https:\/\/www.sindicaturabarcelona.cat\/ca\/#\/schema\/logo\/image\/"},"sameAs":["https:\/\/x.com\/sindicbarcelona","https:\/\/www.instagram.com\/sindicbarcelona\/","https:\/\/www.tiktok.com\/@sindicaturabcn","https:\/\/t.me\/sindicaturabarcelona"]}]}</script>
<!-- / Yoast SEO plugin. -->

Debat a Betevé entre les candidatures a síndic o síndica de greuges de Barcelona 2026-2031 - Sindicatura de Greuges de Barcelona
