{"id":40568,"date":"2025-12-02T14:12:36","date_gmt":"2025-12-02T12:12:36","guid":{"rendered":"https:\/\/www.sindicaturabarcelona.cat\/?post_type=tribe_events&#038;p=40568"},"modified":"2025-12-02T14:51:53","modified_gmt":"2025-12-02T12:51:53","slug":"participem-al-seminari-internacional-derechos-humanos-a-escala-local","status":"publish","type":"tribe_events","link":"https:\/\/www.sindicaturabarcelona.cat\/ca\/activitat\/participem-al-seminari-internacional-derechos-humanos-a-escala-local\/","title":{"rendered":"Participem en el seminari internacional &#8220;Derechos humanos a escala local. Panorama de una tendencia internacional&#8221;"},"content":{"rendered":"<p>S&#8217;hi abordaran exemples d&#8217;institucionalitzaci\u00f3 dels drets humans en la gesti\u00f3 local, a trav\u00e9s de pol\u00edtiques p\u00fabliques de realitzaci\u00f3, promoci\u00f3 o protecci\u00f3 de drets.<\/p>\n","protected":false},"excerpt":{"rendered":"<p>S&#8217;hi abordaran exemples d&#8217;institucionalitzaci\u00f3 dels drets humans en la gesti\u00f3 local, a trav\u00e9s de pol\u00edtiques p\u00fabliques de realitzaci\u00f3, promoci\u00f3 o protecci\u00f3 de drets.<\/p>\n","protected":false},"author":2,"featured_media":0,"template":"","meta":{"_acf_changed":false,"_tribe_events_status":"","_tribe_events_status_reason":"","footnotes":""},"tags":[],"tribe_events_cat":[1634,1501],"class_list":["post-40568","tribe_events","type-tribe_events","status-publish","hentry","tribe_events_cat-institucional","tribe_events_cat-xerrades","cat_institucional","cat_xerrades"],"acf":[],"yoast_head":"<!-- This site is optimized with the Yoast SEO plugin v27.5 - https:\/\/yoast.com\/product\/yoast-seo-wordpress\/ -->\n<title>Participem en el seminari internacional &quot;Derechos humanos a escala local. Panorama de una tendencia internacional&quot; - Sindicatura de Greuges de Barcelona<\/title>\n<meta name=\"robots\" content=\"index, follow, max-snippet:-1, max-image-preview:large, max-video-preview:-1\" \/>\n<link rel=\"canonical\" href=\"https:\/\/www.sindicaturabarcelona.cat\/ca\/activitat\/participem-al-seminari-internacional-derechos-humanos-a-escala-local\/\" \/>\n<meta property=\"og:locale\" content=\"ca_ES\" \/>\n<meta property=\"og:type\" content=\"article\" \/>\n<meta property=\"og:title\" content=\"Participem en el seminari internacional &quot;Derechos humanos a escala local. Panorama de una tendencia internacional&quot; - Sindicatura de Greuges de Barcelona\" \/>\n<meta property=\"og:description\" content=\"S&#8217;hi abordaran exemples d&#8217;institucionalitzaci\u00f3 dels drets humans en la gesti\u00f3 local, a trav\u00e9s de pol\u00edtiques p\u00fabliques de realitzaci\u00f3, promoci\u00f3 o protecci\u00f3 de drets.\" \/>\n<meta property=\"og:url\" content=\"https:\/\/www.sindicaturabarcelona.cat\/ca\/activitat\/participem-al-seminari-internacional-derechos-humanos-a-escala-local\/\" \/>\n<meta property=\"og:site_name\" content=\"Sindicatura de Greuges de Barcelona\" \/>\n<meta property=\"article:modified_time\" content=\"2025-12-02T12:51:53+00:00\" \/>\n<meta name=\"twitter:card\" content=\"summary_large_image\" \/>\n<meta name=\"twitter:site\" content=\"@sindicbarcelona\" \/>\n<meta name=\"twitter:label1\" content=\"Temps estimat de lectura\" \/>\n\t<meta name=\"twitter:data1\" content=\"1 minut\" \/>\n<script type=\"application\/ld+json\" class=\"yoast-schema-graph\">{\"@context\":\"https:\\\/\\\/schema.org\",\"@graph\":[{\"@type\":\"WebPage\",\"@id\":\"https:\\\/\\\/www.sindicaturabarcelona.cat\\\/ca\\\/activitat\\\/participem-al-seminari-internacional-derechos-humanos-a-escala-local\\\/\",\"url\":\"https:\\\/\\\/www.sindicaturabarcelona.cat\\\/ca\\\/activitat\\\/participem-al-seminari-internacional-derechos-humanos-a-escala-local\\\/\",\"name\":\"Participem en el seminari internacional \\\"Derechos humanos a escala local. Panorama de una tendencia internacional\\\" - Sindicatura de Greuges de Barcelona\",\"isPartOf\":{\"@id\":\"https:\\\/\\\/www.sindicaturabarcelona.cat\\\/ca\\\/#website\"},\"datePublished\":\"2025-12-02T12:12:36+00:00\",\"dateModified\":\"2025-12-02T12:51:53+00:00\",\"breadcrumb\":{\"@id\":\"https:\\\/\\\/www.sindicaturabarcelona.cat\\\/ca\\\/activitat\\\/participem-al-seminari-internacional-derechos-humanos-a-escala-local\\\/#breadcrumb\"},\"inLanguage\":\"ca\",\"potentialAction\":[{\"@type\":\"ReadAction\",\"target\":[\"https:\\\/\\\/www.sindicaturabarcelona.cat\\\/ca\\\/activitat\\\/participem-al-seminari-internacional-derechos-humanos-a-escala-local\\\/\"]}]},{\"@type\":\"BreadcrumbList\",\"@id\":\"https:\\\/\\\/www.sindicaturabarcelona.cat\\\/ca\\\/activitat\\\/participem-al-seminari-internacional-derechos-humanos-a-escala-local\\\/#breadcrumb\",\"itemListElement\":[{\"@type\":\"ListItem\",\"position\":1,\"name\":\"Inici\",\"item\":\"https:\\\/\\\/www.sindicaturabarcelona.cat\\\/ca\\\/\"},{\"@type\":\"ListItem\",\"position\":2,\"name\":\"Esdeveniments\",\"item\":\"https:\\\/\\\/www.sindicaturabarcelona.cat\\\/ca\\\/agenda\\\/\"},{\"@type\":\"ListItem\",\"position\":3,\"name\":\"Participem en el seminari internacional &#8220;Derechos humanos a escala local. Panorama de una tendencia internacional&#8221;\"}]},{\"@type\":\"WebSite\",\"@id\":\"https:\\\/\\\/www.sindicaturabarcelona.cat\\\/ca\\\/#website\",\"url\":\"https:\\\/\\\/www.sindicaturabarcelona.cat\\\/ca\\\/\",\"name\":\"Sindicatura de Greuges de Barcelona\",\"description\":\"La defensoria dels teus drets\",\"publisher\":{\"@id\":\"https:\\\/\\\/www.sindicaturabarcelona.cat\\\/ca\\\/#organization\"},\"potentialAction\":[{\"@type\":\"SearchAction\",\"target\":{\"@type\":\"EntryPoint\",\"urlTemplate\":\"https:\\\/\\\/www.sindicaturabarcelona.cat\\\/ca\\\/?s={search_term_string}\"},\"query-input\":{\"@type\":\"PropertyValueSpecification\",\"valueRequired\":true,\"valueName\":\"search_term_string\"}}],\"inLanguage\":\"ca\"},{\"@type\":\"Organization\",\"@id\":\"https:\\\/\\\/www.sindicaturabarcelona.cat\\\/ca\\\/#organization\",\"name\":\"Sindicatura de Greuges de Barcelona\",\"url\":\"https:\\\/\\\/www.sindicaturabarcelona.cat\\\/ca\\\/\",\"logo\":{\"@type\":\"ImageObject\",\"inLanguage\":\"ca\",\"@id\":\"https:\\\/\\\/www.sindicaturabarcelona.cat\\\/ca\\\/#\\\/schema\\\/logo\\\/image\\\/\",\"url\":\"https:\\\/\\\/www.sindicaturabarcelona.cat\\\/wp-content\\\/uploads\\\/2023\\\/02\\\/logo_sindicatura.svg\",\"contentUrl\":\"https:\\\/\\\/www.sindicaturabarcelona.cat\\\/wp-content\\\/uploads\\\/2023\\\/02\\\/logo_sindicatura.svg\",\"caption\":\"Sindicatura de Greuges de Barcelona\"},\"image\":{\"@id\":\"https:\\\/\\\/www.sindicaturabarcelona.cat\\\/ca\\\/#\\\/schema\\\/logo\\\/image\\\/\"},\"sameAs\":[\"https:\\\/\\\/x.com\\\/sindicbarcelona\",\"https:\\\/\\\/www.instagram.com\\\/sindicbarcelona\\\/\",\"https:\\\/\\\/www.tiktok.com\\\/@sindicaturabcn\",\"https:\\\/\\\/t.me\\\/sindicaturabarcelona\"]}]}<\/script>\n<!-- \/ Yoast SEO plugin. -->","yoast_head_json":{"title":"Participem en el seminari internacional \"Derechos humanos a escala local. Panorama de una tendencia internacional\" - Sindicatura de Greuges de Barcelona","robots":{"index":"index","follow":"follow","max-snippet":"max-snippet:-1","max-image-preview":"max-image-preview:large","max-video-preview":"max-video-preview:-1"},"canonical":"https:\/\/www.sindicaturabarcelona.cat\/ca\/activitat\/participem-al-seminari-internacional-derechos-humanos-a-escala-local\/","og_locale":"ca_ES","og_type":"article","og_title":"Participem en el seminari internacional \"Derechos humanos a escala local. Panorama de una tendencia internacional\" - Sindicatura de Greuges de Barcelona","og_description":"S&#8217;hi abordaran exemples d&#8217;institucionalitzaci\u00f3 dels drets humans en la gesti\u00f3 local, a trav\u00e9s de pol\u00edtiques p\u00fabliques de realitzaci\u00f3, promoci\u00f3 o protecci\u00f3 de drets.","og_url":"https:\/\/www.sindicaturabarcelona.cat\/ca\/activitat\/participem-al-seminari-internacional-derechos-humanos-a-escala-local\/","og_site_name":"Sindicatura de Greuges de Barcelona","article_modified_time":"2025-12-02T12:51:53+00:00","twitter_card":"summary_large_image","twitter_site":"@sindicbarcelona","twitter_misc":{"Temps estimat de lectura":"1 minut"},"schema":{"@context":"https:\/\/schema.org","@graph":[{"@type":"WebPage","@id":"https:\/\/www.sindicaturabarcelona.cat\/ca\/activitat\/participem-al-seminari-internacional-derechos-humanos-a-escala-local\/","url":"https:\/\/www.sindicaturabarcelona.cat\/ca\/activitat\/participem-al-seminari-internacional-derechos-humanos-a-escala-local\/","name":"Participem en el seminari internacional \"Derechos humanos a escala local. Panorama de una tendencia internacional\" - Sindicatura de Greuges de Barcelona","isPartOf":{"@id":"https:\/\/www.sindicaturabarcelona.cat\/ca\/#website"},"datePublished":"2025-12-02T12:12:36+00:00","dateModified":"2025-12-02T12:51:53+00:00","breadcrumb":{"@id":"https:\/\/www.sindicaturabarcelona.cat\/ca\/activitat\/participem-al-seminari-internacional-derechos-humanos-a-escala-local\/#breadcrumb"},"inLanguage":"ca","potentialAction":[{"@type":"ReadAction","target":["https:\/\/www.sindicaturabarcelona.cat\/ca\/activitat\/participem-al-seminari-internacional-derechos-humanos-a-escala-local\/"]}]},{"@type":"BreadcrumbList","@id":"https:\/\/www.sindicaturabarcelona.cat\/ca\/activitat\/participem-al-seminari-internacional-derechos-humanos-a-escala-local\/#breadcrumb","itemListElement":[{"@type":"ListItem","position":1,"name":"Inici","item":"https:\/\/www.sindicaturabarcelona.cat\/ca\/"},{"@type":"ListItem","position":2,"name":"Esdeveniments","item":"https:\/\/www.sindicaturabarcelona.cat\/ca\/agenda\/"},{"@type":"ListItem","position":3,"name":"Participem en el seminari internacional &#8220;Derechos humanos a escala local. Panorama de una tendencia internacional&#8221;"}]},{"@type":"WebSite","@id":"https:\/\/www.sindicaturabarcelona.cat\/ca\/#website","url":"https:\/\/www.sindicaturabarcelona.cat\/ca\/","name":"Sindicatura de Greuges de Barcelona","description":"La defensoria dels teus drets","publisher":{"@id":"https:\/\/www.sindicaturabarcelona.cat\/ca\/#organization"},"potentialAction":[{"@type":"SearchAction","target":{"@type":"EntryPoint","urlTemplate":"https:\/\/www.sindicaturabarcelona.cat\/ca\/?s={search_term_string}"},"query-input":{"@type":"PropertyValueSpecification","valueRequired":true,"valueName":"search_term_string"}}],"inLanguage":"ca"},{"@type":"Organization","@id":"https:\/\/www.sindicaturabarcelona.cat\/ca\/#organization","name":"Sindicatura de Greuges de Barcelona","url":"https:\/\/www.sindicaturabarcelona.cat\/ca\/","logo":{"@type":"ImageObject","inLanguage":"ca","@id":"https:\/\/www.sindicaturabarcelona.cat\/ca\/#\/schema\/logo\/image\/","url":"https:\/\/www.sindicaturabarcelona.cat\/wp-content\/uploads\/2023\/02\/logo_sindicatura.svg","contentUrl":"https:\/\/www.sindicaturabarcelona.cat\/wp-content\/uploads\/2023\/02\/logo_sindicatura.svg","caption":"Sindicatura de Greuges de Barcelona"},"image":{"@id":"https:\/\/www.sindicaturabarcelona.cat\/ca\/#\/schema\/logo\/image\/"},"sameAs":["https:\/\/x.com\/sindicbarcelona","https:\/\/www.instagram.com\/sindicbarcelona\/","https:\/\/www.tiktok.com\/@sindicaturabcn","https:\/\/t.me\/sindicaturabarcelona"]}]}},"_links":{"self":[{"href":"https:\/\/www.sindicaturabarcelona.cat\/ca\/wp-json\/wp\/v2\/tribe_events\/40568","targetHints":{"allow":["GET"]}}],"collection":[{"href":"https:\/\/www.sindicaturabarcelona.cat\/ca\/wp-json\/wp\/v2\/tribe_events"}],"about":[{"href":"https:\/\/www.sindicaturabarcelona.cat\/ca\/wp-json\/wp\/v2\/types\/tribe_events"}],"author":[{"embeddable":true,"href":"https:\/\/www.sindicaturabarcelona.cat\/ca\/wp-json\/wp\/v2\/users\/2"}],"version-history":[{"count":4,"href":"https:\/\/www.sindicaturabarcelona.cat\/ca\/wp-json\/wp\/v2\/tribe_events\/40568\/revisions"}],"predecessor-version":[{"id":40585,"href":"https:\/\/www.sindicaturabarcelona.cat\/ca\/wp-json\/wp\/v2\/tribe_events\/40568\/revisions\/40585"}],"wp:attachment":[{"href":"https:\/\/www.sindicaturabarcelona.cat\/ca\/wp-json\/wp\/v2\/media?parent=40568"}],"wp:term":[{"taxonomy":"post_tag","embeddable":true,"href":"https:\/\/www.sindicaturabarcelona.cat\/ca\/wp-json\/wp\/v2\/tags?post=40568"},{"taxonomy":"tribe_events_cat","embeddable":true,"href":"https:\/\/www.sindicaturabarcelona.cat\/ca\/wp-json\/wp\/v2\/tribe_events_cat?post=40568"}],"curies":[{"name":"wp","href":"https:\/\/api.w.org\/{rel}","templated":true}]}}

<p>S&#8217;hi abordaran exemples d&#8217;institucionalització dels drets humans en la gestió local, a través de polítiques públiques de realització, promoció o protecció de drets.</p>

<!-- This site is optimized with the Yoast SEO plugin v27.5 - https://yoast.com/product/yoast-seo-wordpress/ -->
<title>Participem en el seminari internacional &quot;Derechos humanos a escala local. Panorama de una tendencia internacional&quot; - Sindicatura de Greuges de Barcelona</title>
<meta name="robots" content="index, follow, max-snippet:-1, max-image-preview:large, max-video-preview:-1" />
<link rel="canonical" href="https://www.sindicaturabarcelona.cat/ca/activitat/participem-al-seminari-internacional-derechos-humanos-a-escala-local/" />
<meta property="og:locale" content="ca_ES" />
<meta property="og:type" content="article" />
<meta property="og:title" content="Participem en el seminari internacional &quot;Derechos humanos a escala local. Panorama de una tendencia internacional&quot; - Sindicatura de Greuges de Barcelona" />
<meta property="og:description" content="S&#8217;hi abordaran exemples d&#8217;institucionalització dels drets humans en la gestió local, a través de polítiques públiques de realització, promoció o protecció de drets." />
<meta property="og:url" content="https://www.sindicaturabarcelona.cat/ca/activitat/participem-al-seminari-internacional-derechos-humanos-a-escala-local/" />
<meta property="og:site_name" content="Sindicatura de Greuges de Barcelona" />
<meta property="article:modified_time" content="2025-12-02T12:51:53+00:00" />
<meta name="twitter:card" content="summary_large_image" />
<meta name="twitter:site" content="@sindicbarcelona" />
<meta name="twitter:label1" content="Temps estimat de lectura" />
	<meta name="twitter:data1" content="1 minut" />
<script type="application/ld+json" class="yoast-schema-graph">{"@context":"https:\/\/schema.org","@graph":[{"@type":"WebPage","@id":"https:\/\/www.sindicaturabarcelona.cat\/ca\/activitat\/participem-al-seminari-internacional-derechos-humanos-a-escala-local\/","url":"https:\/\/www.sindicaturabarcelona.cat\/ca\/activitat\/participem-al-seminari-internacional-derechos-humanos-a-escala-local\/","name":"Participem en el seminari internacional \"Derechos humanos a escala local. Panorama de una tendencia internacional\" - Sindicatura de Greuges de Barcelona","isPartOf":{"@id":"https:\/\/www.sindicaturabarcelona.cat\/ca\/#website"},"datePublished":"2025-12-02T12:12:36+00:00","dateModified":"2025-12-02T12:51:53+00:00","breadcrumb":{"@id":"https:\/\/www.sindicaturabarcelona.cat\/ca\/activitat\/participem-al-seminari-internacional-derechos-humanos-a-escala-local\/#breadcrumb"},"inLanguage":"ca","potentialAction":[{"@type":"ReadAction","target":["https:\/\/www.sindicaturabarcelona.cat\/ca\/activitat\/participem-al-seminari-internacional-derechos-humanos-a-escala-local\/"]}]},{"@type":"BreadcrumbList","@id":"https:\/\/www.sindicaturabarcelona.cat\/ca\/activitat\/participem-al-seminari-internacional-derechos-humanos-a-escala-local\/#breadcrumb","itemListElement":[{"@type":"ListItem","position":1,"name":"Inici","item":"https:\/\/www.sindicaturabarcelona.cat\/ca\/"},{"@type":"ListItem","position":2,"name":"Esdeveniments","item":"https:\/\/www.sindicaturabarcelona.cat\/ca\/agenda\/"},{"@type":"ListItem","position":3,"name":"Participem en el seminari internacional &#8220;Derechos humanos a escala local. Panorama de una tendencia internacional&#8221;"}]},{"@type":"WebSite","@id":"https:\/\/www.sindicaturabarcelona.cat\/ca\/#website","url":"https:\/\/www.sindicaturabarcelona.cat\/ca\/","name":"Sindicatura de Greuges de Barcelona","description":"La defensoria dels teus drets","publisher":{"@id":"https:\/\/www.sindicaturabarcelona.cat\/ca\/#organization"},"potentialAction":[{"@type":"SearchAction","target":{"@type":"EntryPoint","urlTemplate":"https:\/\/www.sindicaturabarcelona.cat\/ca\/?s={search_term_string}"},"query-input":{"@type":"PropertyValueSpecification","valueRequired":true,"valueName":"search_term_string"}}],"inLanguage":"ca"},{"@type":"Organization","@id":"https:\/\/www.sindicaturabarcelona.cat\/ca\/#organization","name":"Sindicatura de Greuges de Barcelona","url":"https:\/\/www.sindicaturabarcelona.cat\/ca\/","logo":{"@type":"ImageObject","inLanguage":"ca","@id":"https:\/\/www.sindicaturabarcelona.cat\/ca\/#\/schema\/logo\/image\/","url":"https:\/\/www.sindicaturabarcelona.cat\/wp-content\/uploads\/2023\/02\/logo_sindicatura.svg","contentUrl":"https:\/\/www.sindicaturabarcelona.cat\/wp-content\/uploads\/2023\/02\/logo_sindicatura.svg","caption":"Sindicatura de Greuges de Barcelona"},"image":{"@id":"https:\/\/www.sindicaturabarcelona.cat\/ca\/#\/schema\/logo\/image\/"},"sameAs":["https:\/\/x.com\/sindicbarcelona","https:\/\/www.instagram.com\/sindicbarcelona\/","https:\/\/www.tiktok.com\/@sindicaturabcn","https:\/\/t.me\/sindicaturabarcelona"]}]}</script>
<!-- / Yoast SEO plugin. -->

S&#8217;hi abordaran exemples d&#8217;institucionalització dels drets humans en la gestió local, a través de polítiques públiques de realització, promoció o protecció de drets.
